s of 144/5 - i*1/(-10).
29
Suppose z - 2 = 0, -4*y + 88 = -6*z + 2*z. Let j be -1 + (-348)/y*2/(-1). Suppose -8*h - j = -12*h. List the prime factors of h.
7
Let a = -23557 + 23557. Suppose 0 = 3*o - 3*p, -4 + 1 = 3*o - 4*p. Suppose -o*g + 287 + 217 = a. List the prime factors of g.
2, 3, 7
Let k(x) = 3*x + 6*x**2 - x**2 - 6*x + 16. Let z be k(7). Let d = -166 + z. What are the prime factors of d?
2, 37
Let o(r) = -4 + 49*r - 17*r + 7. Suppose -9*j + 14*j + s = 7, -5*j - 2 = 4*s. List the prime factors of o(j).
67
Suppose -1092 = -59*z + 17*z. Suppose 173 = 3*t - 52. Suppose v = t - z. What are the prime factors of v?
7
Suppose -4*v = 16, -13*v + 9430 = 3*n - 8*v. List the prime factors of n.
2, 3, 5, 7
Let j = -222 - -227. Suppose 0 = s + 3*c - 359, -2*s - j*c + 1450 = 2*s. List the prime factors of s.
5, 73
Suppose -i = -4*i + 15. Let f be ((1 + -1)/i)/(-3). Suppose 34 = 2*o - 2*n, -33 = -o - f*n + 5*n. What are the prime factors of o?
13
Suppose 3*z = h + 12696 + 10926, -15748 = -2*z + 5*h. What are the prime factors of z/6 - (-4)/(-3)?
3, 19, 23
Let l(s) = -44*s - 49. What are the prime factors of l(-24)?
19, 53
Suppose 5*u = -862 + 2422. Suppose 3*x = 3*p + u, -3*p - 339 - 75 = -4*x. What are the prime factors of x?
2, 3, 17
Let q be 8/8 + -4 - -8. Suppose 5655 = -4*l + 7*l + 3*i, -l + q*i = -1861. What are the prime factors of l?
3, 11, 19
Let m = 3881 + 1708. What are the prime factors of m?
3, 23
Suppose 0 = 2*f + 3*a - 17, -5*f + 6*a - a = -5. What are the prime factors of 1175/f - (-9)/(-12)?
293
Let f be (4/(2 - 0))/((-14)/(-21)). Let t(w) = -w**2 + 5*w + 13. Let c(q) = -q**2 + 6*q + 14. Let a(l) = f*t(l) - 4*c(l). List the prime factors of a(12).
19
Suppose 108*u - 41*u = 1105969. What are the prime factors of u?
17, 971
Let m(l) = -1012*l + 509. List the prime factors of m(-55).
3, 79
Suppose -58 = -3*k - 2*x + 84, -5*k + x = -241. Let a = k + -51. List the prime factors of (8/(-6))/(a/(-9))*-22.
2, 11
Suppose -4*z = -4*q - 112, 4*q + 8 = 3*z - 73. Suppose 36*v + 95 = z*v. Let f(r) = -r**3 - 18*r**2 + 13*r - 41. What are the prime factors of f(v)?
73
Let p(a) = -393*a - 34. Let v be (-2)/14 - ((-66)/(-77) - -1). What are the prime factors of p(v)?
2, 47
Suppose -3*x = 44 + 61. Let y = x + 182. Suppose 5*w = 2*i - 0*i + 720, 0 = -w + i + y. List the prime factors of w.
2, 71
Let p(j) = 3*j - 72. Let b be p(-18). Let t = b - -306. List the prime factors of t.
2, 3, 5
Suppose -4*w + 2*c - 313 = -7715, 0 = w + c - 1849. List the prime factors of w.
2, 5, 37
Let r be 12/32 + 65/40 + 2. Suppose -3*c = h - 558 - 589, 4*c = r*h - 4540. List the prime factors of h.
2, 569
Let o(b) = b**2 - 17*b + 110. Let t be o(12). Suppose t*a = 58*a - 2752. List the prime factors of a.
2, 43
Suppose 36*y - 124278 = -30*y. List the prime factors of y.
7, 269
Let j(p) = -8*p**2 + 19*p - 151. Let n be j(6). Let r = n + 1218. What are the prime factors of r?
19, 47
Let y(w) = 3*w**2 + 2*w + 2. Let b(g) = 10*g**2 + 5*g + 6. Let p(j) = 2*b(j) - 7*y(j). Let u be p(-2). Suppose u*d + 3*d - 250 = 0. List the prime factors of d.
2, 5
Suppose 5*p - m - 26 = m, 4*p + 3*m = 7. Let t(l) be the third derivative of -l**6/120 + l**5/12 - l**4/6 + l**3/3 - 3*l**2. What are the prime factors of t(p)?
2
Let r be (-17917)/(-164) - (-1)/(4/3). Let o = r + 1. Suppose 0 = 69*c - 72*c + o. List the prime factors of c.
37
What are the prime factors of 73335/(-30)*8/(-2) - -1?
7, 11, 127
Let v = 45 + -79. Let d = 36 + v. Suppose -252 = -4*l + 2*s, d*l - 4*s = 7*l - 315. List the prime factors of l.
3, 7
Let h(m) = -11*m + 17. Let i be h(2). List the prime factors of i*3/30*-1614.
3, 269
Let n(a) = 127*a**2 - 51*a + 439. List the prime factors of n(7).
5, 13, 97
Let w be ((-6)/(-8))/((-18)/(-67896)). Suppose 691 + w = 4*u. What are the prime factors of u?
2, 5, 11
Let s = -86 + 88. What are the prime factors of (448/(6 + 1))/(0 + s)?
2
Let f(b) = 3*b - 2. Let l be f(-23). Let q = l + 91. Suppose -q*u + 18*u + 392 = 0. What are the prime factors of u?
2, 7
Let g = -599 + 602. Suppose -5*f - 767 = -l, 990 + 557 = 2*l + g*f. What are the prime factors of l?
2, 193
Let m(r) = -594*r**2 + 2*r + 1. Let n be m(-1). Let f be 56/24 + -10 - 12/(-18). What are the prime factors of n/f + -1 + 3?
3, 29
Let q(l) = 73*l + 114. Let u be q(3). Suppose -3*z - 4*v + 8*v = -u, -v = 0. What are the prime factors of z?
3, 37
Let s(c) = -7*c - 9. Let l be s(-2). Suppose 5*r - 4270 = -i - 4*i, -3*i + l*r = -2586. List the prime factors of i.
857
Let t(u) = 5*u**2 + 6 - 13 - 10 - 6*u + 5*u**2. Let m be t(-7). Suppose -m = -5*r + 4*b, 3*b - 192 - 323 = -5*r. What are the prime factors of r?
103
What are the prime factors of (-78651)/90*-2 - ((-24)/(-5))/6?
1747
Let u = 31390 + 12852. What are the prime factors of u?
2, 11, 2011
Let w(r) = 82*r**2 + 2*r - 58. What are the prime factors of w(7)?
2, 1987
Suppose -z + 6*z = -125. Let x be (-3 + 1148)*3/18*-6. List the prime factors of (x/z)/((-5)/(-25)).
229
Suppose -s + 6 = 0, 169*h + 4*s - 26516 = 167*h. What are the prime factors of h?
2, 37, 179
Let w(j) = 1638*j**2 - 34*j - 84. What are the prime factors of w(-3)?
2, 3, 5, 41
Let f = -17451 - -70532. List the prime factors of f.
7, 7583
Suppose 2*v - z + 56837 = 4*v, -3*z = 4*v - 113667. What are the prime factors of v?
2, 3, 1579
Let h be (-4 - -6) + 1*-8. Let b be -1*(3*(-2)/h + -412). Suppose 0 = 5*x + u - 386 - 21, 3*u = -5*x + b. List the prime factors of x.
3
Let f = 33744 - 23197. What are the prime factors of f?
53, 199
Suppose -35*z + 72*z - 28*z - 191133 = 0. What are the prime factors of z?
3, 7079
Let s = 221 + -192. Suppose -s*k - 3480 = -34*k. What are the prime factors of k?
2, 3, 29
Let r be 1/((-1)/2) - 0 - -6. Suppose -86 = r*b - 2*y, 4*b - 5*y + 68 = -33. List the prime factors of 187/2 - b/38.
2, 47
Suppose -2*z = -6, v - 5*z - 7948 = -1611. List the prime factors of v.
2, 397
Let z(n) be the second derivative of n**4/6 - n**3/6 + 13*n**2/2 - 714*n. Suppose 8*i - 3*i = -30. What are the prime factors of z(i)?
7, 13
Suppose 11*d = 5*d + 2166. Suppose -4*h + 3*a = d - 2802, 0 = -4*h + 4*a + 2440. What are the prime factors of h?
13, 47
Let u = 31 - 23. Suppose -w = -6*w. Suppose u*l - 328 = -w*l. What are the prime factors of l?
41
Suppose 68*d - 69*d - 5 = 0, 4*n = 3*d + 215763. What are the prime factors of n?
3, 13, 461
Let t(j) = 30*j**2 + 15*j - 317. What are the prime factors of t(20)?
23, 521
Suppose -q + 66 = -114. Suppose 4*s - 1022 = -2*y, -5*y + 3*s + 2683 - q = 0. What are the prime factors of y?
503
Suppose 5*m - 509 = -9. Suppose 0 = -4*w + 96 + m. List the prime factors of w.
7
Let c(f) = 37204*f - 585. List the prime factors of c(2).
73823
Let x = 103 - 98. Suppose -1288 = -3*c + l, -5 = x*l - 0. Suppose -5*m - c = -5*j - 3*m, 90 = j + m. List the prime factors of j.
3, 29
Let o(m) = -m**3 + 146*m**2 - 242*m - 2856. What are the prime factors of o(141)?
3, 20809
Let d(g) = -2*g**2 - 11*g + 17. Let p(y) = y**2 + 12*y - 18. Let q(j) = 2*d(j) + 3*p(j). Let i be q(9). Let s = -6 + i. List the prime factors of s.
19
Let q(w) = -1319*w - 812. What are the prime factors of q(-11)?
13697
Let m(h) = -h**2 + 9*h - 1. Let q be m(4). Let y = q + -19. Suppose 2*u + 3*z - 253 = y, 0 = -4*u + 5*z + 21 + 518. List the prime factors of u.
131
Let t(j) = 11*j**2 - 97*j - 503. List the prime factors of t(-21).
5, 1277
Let k(o) = 291*o**2 + 51*o + 463. What are the prime factors of k(-9)?
5, 23, 41
Let t(i) = -185*i + 5908. List the prime factors of t(-120).
2, 7027
Let x(w) = w**3 - 30*w**2 - 29*w - 5. Let m be x(31). Let v = m + 180. List the prime factors of v.
3, 79
Let q = -1 + -9. Let k = 19 + q. Suppose -648 = v - k*v. List the prime factors of v.
3
Let h = 500 - 483. Let r(a) = a**2 + 16*a + 14. List the prime factors of r(h).
5, 23
Let b be ((-93)/6)/(1/(-2)). Suppose -r + 2*r = b. Let x = 118 - r. List the prime factors of x.
3, 29
Let r(v) = -15*v + 72. Let c be r(-15). Let y = c - 121. What are the prime factors of y?
2, 11
Let t = -109 + 228. Let c(i) = -37*i - 69. Let q be c(-2). Suppose q*f + 2*j + 2*j = 609, -t = -f + 2*j. What are the prime factors of f?
11
Let l be (-1 - 18)/((-2)/16). Let r = -11457 - -11533. Let x = l + r. What are the prime factors of x?
2, 3, 19
Le